{"id":12,"date":"2019-05-22T18:23:09","date_gmt":"2019-05-22T16:23:09","guid":{"rendered":"http:\/\/mains-holistiques.com\/?page_id=12"},"modified":"2023-04-28T20:08:21","modified_gmt":"2023-04-28T18:08:21","slug":"access-bars","status":"publish","type":"page","link":"https:\/\/mains-holistiques.com\/index.php\/access-bars\/","title":{"rendered":"Access Bars\u00ae"},"content":{"rendered":"\n<h3 class=\"wp-block-heading has-text-align-center\"><strong>M\u00e9thode de lib\u00e9ration de vos m\u00e9moires \u00e9motionnelles\net cellulaires<\/strong><\/h3>\n\n\n\n<p class=\"has-text-align-center has-luminous-vivid-orange-color has-text-color\"><strong><em>\u00ab\u00a0C&rsquo;est comme faire un nettoyage puissant de votre disque dur interne\u00a0\u00bb<\/em><\/strong><\/p>\n\n\n\n<p><strong>Quand on vient chercher une s\u00e9ance de Bar<\/strong>\u00ae c&rsquo;est qu&rsquo;il y a quelque chose que l&rsquo;on veut changer dans sa vie (quelque chose qui ne va pas bien ou qui ne nous plait pas) ou que l&rsquo;on veut aller au del\u00e0 et faire quelque chose d&rsquo;encore mieux.<\/p>\n\n\n\n<h3 class=\"wp-block-heading\">\u200b<strong>QU&rsquo;EST CE QUE \u00ab\u00a0LES BARS<\/strong>\u00ae<strong>\u00a0\u00bb <\/strong><\/h3>\n\n\n\n<p class=\"has-text-align-left\"><strong>Access Bar\u00ae est une approche manuelle \u00e9nerg\u00e9tique corporelle puissante et subtile.<\/strong><\/p>\n\n\n\n<p>Fond\u00e9e dans les ann\u00e9es 90 par l&rsquo;am\u00e9ricain Gary Douglas, ce processus a \u00e9t\u00e9 con\u00e7u pour faciliter une grande ouverture de conscience de chacun par la lib\u00e9ration imm\u00e9diate des m\u00e9moires cellulaires n\u00e9gatives. <strong>Cela permet de dissiper nos charges \u00e9motionnelles et mentales actuelles ou anciennes,<\/strong> et ce m\u00eame avant notre naissance. L&rsquo;objectif \u00e9tant de<strong> ne plus \u00eatre impact\u00e9 par notre environnement, notre \u00e9ducation, nos croyances, nos peurs, notre soci\u00e9t\u00e9 etc&#8230; afin que s\u2019ouvre une Vie plus l\u00e9g\u00e8re, joyeuse et pleine d\u2019envie !<\/strong><\/p>\n\n\n\n<p>Toutes ces pens\u00e9es, m\u00e9moires, traumatismes, croyances, \u00e9motions, jugements&#8230;.. dans tous les aspects, argent, joie, tristesse, cr\u00e9ativit\u00e9, gratitude, conscience&#8230;.. qui nous limitent dans notre \u00catre, sont stock\u00e9s dans notre <strong>\u00ab\u00a0disque dur\u00a0\u00bb<\/strong> et leur lib\u00e9ration permet de<strong> \u00ab\u00a0cr\u00e9er plus d&rsquo;espace\u00a0\u00bb<\/strong>, de d\u00e9verrouiller l&rsquo;\u00e9nergie, de voir quelles sont les possibilit\u00e9s que nous avons de cr\u00e9er une vie diff\u00e9rente.<\/p>\n\n\n\n<h3 class=\"wp-block-heading\"><strong>COMMENT AGISSENT&nbsp; \u00ab\u00a0LES BARS<\/strong>\u00ae<strong>\u00a0\u00bb <\/strong><\/h3>\n\n\n\n<p>Ce processus permet d&rsquo;activer par un\ntoucher en douceur 32 points sur la t\u00eate qui forment 16 barres, qui vont cr\u00e9er\ndes barres \u00e9lectromagn\u00e9tiques.<\/p>\n\n\n\n<p>L&rsquo;activation de ces points va dans un premier temps amener, avec effet imm\u00e9diat \u00e0 une relaxation profonde  qui permettra au mental de s&rsquo;apaiser, de l\u00e2cher prise, de se lib\u00e9rer de nos peurs, de nos blocages, de nos freins, des sch\u00e9mas familiaux, que nous avons stock\u00e9s au cours de notre vie ; mais aussi pour cr\u00e9er plus de possibilit\u00e9s, de choix, et d&rsquo;acc\u00e9der \u00e0 plus de conscience. <\/p>\n\n\n\n<p>Et dans un deuxi\u00e8me temps, cela va agir \u00e0 plus long terme sur la gestion du stress, un soulagement des douleurs, une am\u00e9lioration du sommeil, une ouverture d&rsquo;esprit et de conscience&#8230;.<\/p>\n\n\n\n<h3 class=\"wp-block-heading\"><strong>LES B\u00c9N\u00c9FICES DES BARS<\/strong>\u00ae<strong> <\/strong><\/h3>\n\n\n\n<ul class=\"wp-block-list\">\n<li>Renforce la confiance en soi<\/li>\n\n\n\n<li> Am\u00e9liore le sommeil <\/li>\n\n\n\n<li> Facilite la prise de d\u00e9cision &amp; le changement <\/li>\n\n\n\n<li> Calme le stress, les angoisses &amp;  l&rsquo;anxi\u00e9t\u00e9 <\/li>\n\n\n\n<li> Arr\u00eat aux petits v\u00e9los de tourner en boucle dans la t\u00eate &nbsp;\u00ab\u00a0Rumination Mentale\u00a0\u00bb <\/li>\n\n\n\n<li> Permet de mieux g\u00e9rer ses \u00e9motions  <\/li>\n\n\n\n<li> Soulage les douleurs <\/li>\n\n\n\n<li> Permet le l\u00e2cher prise <\/li>\n\n\n\n<li> Am\u00e9liore la concentration et les troubles li\u00e9s \u00e0 l&rsquo;hyperactivit\u00e9 <\/li>\n\n\n\n<li> Augmente l&rsquo;\u00e9nergie vitale <\/li>\n\n\n\n<li> Permet une&nbsp; relaxation profonde &amp; le retour \u00e0 une paix int\u00e9rieure <\/li>\n\n\n\n<li> Aide \u00e0 sortir de l&rsquo;\u00e9puisement \u00ab\u00a0Burn-out\u00a0\u00bb <\/li>\n\n\n\n<li> Permet de l\u00e2cher nos croyances, nos peurs limitantes et d&rsquo;ouvrir sa conscience <\/li>\n\n\n\n<li> Et une multitude d&rsquo;autres choses&#8230;.. <\/li>\n<\/ul>\n\n\n\n<h3 class=\"wp-block-heading\"><strong>COMMENT SE D\u00c9ROULE UNE S\u00c9ANCE DE \u00ab\u00a0BARS<\/strong>\u00ae<strong>\u00a0\u00bb <\/strong><\/h3>\n\n\n\n<p>La s\u00e9ance commence par un \u00e9change afin de comprendre\nvos besoins et ce que vous voulez changer dans votre vie. <\/p>\n\n\n\n<p>Ensuite tout en restant habill\u00e9 vous serez allong\u00e9 confortablement sur une table de massage, le soin se fera sans musique pour une meilleure lib\u00e9ration.<\/p>\n\n\n\n<h3 class=\"wp-block-heading\"><strong>COMBIEN DE S\u00c9ANCE POUVONS-NOUS RECEVOIR <\/strong><\/h3>\n\n\n\n<p>Combien de temps souhaitez-vous prendre pour vous\nsentir bien ?<\/p>\n\n\n\n<p>\u00cates vous d\u00e9cid\u00e9 \u00e0 prendre soin de vous et de votre\ncorps ? <\/p>\n\n\n\n<p>Cela peut \u00eatre une fois par semaine, une ou plusieurs fois par mois,  en fonction<strong> de vos besoins et de vos attentes<\/strong>.<\/p>\n\n\n\n<p>Chaque\npersonne \u00e9volue \u00e0 son rythme.<\/p>\n\n\n\n<p><strong>Le praticien est juste un catalyseur, c&rsquo;est&nbsp; le corps de la personne recevant le soin qui va aller choisir o\u00f9 aller travailler et activer les Bars.<\/strong><\/p>\n\n\n\n<h3 class=\"wp-block-heading\"><strong>Y A T&rsquo;IL DES CONTRES-INDICATIONS <\/strong><\/h3>\n\n\n\n<p>Il n&rsquo;y a aucune contre-indication.<\/p>\n\n\n\n<p>Tout le monde peut recevoir des \u00ab\u00a0BARS\u00ae\u00a0\u00bb y compris les personnes \u00e2g\u00e9es et les adolescents.<\/p>\n\n\n\n<p>Les enfants peuvent aussi recevoir une s\u00e9ance, elle sera un peu plus courte, car ils sont moins \u00ab\u00a0pollu\u00e9s\u00a0\u00bb que les adultes qui, eux auront accumul\u00e9 des ann\u00e9es d&rsquo;ancrages et de pens\u00e9es n\u00e9gatives.<\/p>\n\n\n\n<p>En ce qui concerne les femmes enceintes, cela est \u00e9galement possible mais il est recommand\u00e9 de demander l&rsquo;avis de votre m\u00e9decin traitant avant de recevoir un soin.<\/p>\n\n\n\n<h3 class=\"wp-block-heading\"><strong>PRIX D&rsquo;UNE S\u00c9ANCE DE <\/strong> <strong>\u00ab\u00a0LES BARS<\/strong>\u00ae<strong>\u00a0\u00bb <\/strong> <\/h3>\n\n\n\n<p>S\u00e9ance de 60 minutes : 70\u20ac<\/p>\n\n\n\n<p class=\"has-text-align-center has-luminous-vivid-orange-color has-text-color has-medium-font-size\"><strong> L&rsquo;Access Bar\u00ae<\/strong> <strong>comme toute pratique \u00e9nerg\u00e9tique, ne dispense pas ni de consulter un m\u00e9decin, ni de continuer un traitement en cours.<\/strong><\/p>\n\n\n\n<p><strong>Site&nbsp; : <a href=\"https:\/\/www.accessconsciousness.com\/fr\" target=\"_blank\" rel=\"noreferrer noopener\" aria-label=\" (s\u2019ouvre dans un nouvel onglet)\">https:\/\/www.accessconsciousness.com\/fr<\/a><\/strong><\/p>\n","protected":false},"excerpt":{"rendered":"<p>M\u00e9thode de lib\u00e9ration de vos m\u00e9moires \u00e9motionnelles et cellulaires \u00ab\u00a0C&rsquo;est comme faire un nettoyage puissant de votre disque dur interne\u00a0\u00bb Quand on vient chercher une s\u00e9ance de Bar\u00ae c&rsquo;est qu&rsquo;il y a quelque chose que l&rsquo;on veut changer dans sa vie (quelque chose qui ne va pas bien ou qui ne nous plait pas) ou [&hellip;]<\/p>\n","protected":false},"author":1,"featured_media":0,"parent":0,"menu_order":0,"comment_status":"closed","ping_status":"closed","template":"","meta":{"footnotes":""},"class_list":["post-12","page","type-page","status-publish","hentry"],"_links":{"self":[{"href":"https:\/\/mains-holistiques.com\/index.php\/wp-json\/wp\/v2\/pages\/12","targetHints":{"allow":["GET"]}}],"collection":[{"href":"https:\/\/mains-holistiques.com\/index.php\/wp-json\/wp\/v2\/pages"}],"about":[{"href":"https:\/\/mains-holistiques.com\/index.php\/wp-json\/wp\/v2\/types\/page"}],"author":[{"embeddable":true,"href":"https:\/\/mains-holistiques.com\/index.php\/wp-json\/wp\/v2\/users\/1"}],"replies":[{"embeddable":true,"href":"https:\/\/mains-holistiques.com\/index.php\/wp-json\/wp\/v2\/comments?post=12"}],"version-history":[{"count":41,"href":"https:\/\/mains-holistiques.com\/index.php\/wp-json\/wp\/v2\/pages\/12\/revisions"}],"predecessor-version":[{"id":1564,"href":"https:\/\/mains-holistiques.com\/index.php\/wp-json\/wp\/v2\/pages\/12\/revisions\/1564"}],"wp:attachment":[{"href":"https:\/\/mains-holistiques.com\/index.php\/wp-json\/wp\/v2\/media?parent=12"}],"curies":[{"name":"wp","href":"https:\/\/api.w.org\/{rel}","templated":true}]}}