{"id":250,"date":"2019-06-06T12:58:04","date_gmt":"2019-06-06T10:58:04","guid":{"rendered":"http:\/\/mains-holistiques.com\/?page_id=250"},"modified":"2019-06-22T20:04:08","modified_gmt":"2019-06-22T18:04:08","slug":"deroulement-dune-seance-de-reiki","status":"publish","type":"page","link":"https:\/\/mains-holistiques.com\/index.php\/deroulement-dune-seance-de-reiki\/","title":{"rendered":"S\u00e9ance de Reiki"},"content":{"rendered":"\n<h2 class=\"wp-block-heading\"><strong>D\u00c9ROULEMENT D\u2019UNE S\u00c9ANCE DE REIKI <\/strong> <\/h2>\n\n\n\n<p>Le\nsoin commence par un \u00e9change afin de\ncomprendre vos besoins. <\/p>\n\n\n\n<p>Ensuite tout en restant \nhabill\u00e9 vous serez allong\u00e9 confortablement sur une table de massage, les\n yeux ferm\u00e9s avec une musique calme et relaxante.<\/p>\n\n\n\n<p>C\u2019est un soin qui se fait \npar une imposition des mains au-dessus ou parfois sur le corps en \nrestant quelques minutes sur plusieurs zones pr\u00e9cises de la t\u00eate \njusqu\u2019aux pieds, en faisant circuler l\u2019\u00e9nergie et en lib\u00e9rant les \n\u00e9ventuels blocages.<\/p>\n\n\n\n<div class=\"wp-block-image\"><figure class=\"aligncenter is-resized\"><img loading=\"lazy\" decoding=\"async\" src=\"http:\/\/mains-holistiques.com\/wp-content\/uploads\/2019\/06\/cropped-hands-therapist-performing-reiki-260nw-448649440-Bis.jpg\" alt=\"\" class=\"wp-image-298\" width=\"446\" height=\"298\" srcset=\"https:\/\/mains-holistiques.com\/wp-content\/uploads\/2019\/06\/cropped-hands-therapist-performing-reiki-260nw-448649440-Bis.jpg 389w, https:\/\/mains-holistiques.com\/wp-content\/uploads\/2019\/06\/cropped-hands-therapist-performing-reiki-260nw-448649440-Bis-300x201.jpg 300w\" sizes=\"auto, (max-width: 446px) 100vw, 446px\" \/><\/figure><\/div>\n\n\n\n<h3 class=\"wp-block-heading\"><strong>Y A T\u2019IL DES CONTRES-INDICATIONS <\/strong><\/h3>\n\n\n\n<p>Il n\u2019y a aucune contre-indication.<\/p>\n\n\n\n<p>Le\nReiKi s\u2019adresse \u00e0 tous, y compris les personnes \u00e2g\u00e9es, les\nfemmes enceintes, les adolescents\u2026. &nbsp;Les enfants eux aussi peuvent recevoir un\nsoin, mais la s\u00e9ance sera plus courte que celle d\u2019un adulte. <\/p>\n\n\n\n<p>Il est conseill\u00e9 \u00e0 toute personne d\u00e9sireuse d\u2019un \u00e9tat de bien-\u00eatre.<\/p>\n\n\n\n<h3 class=\"wp-block-heading\"><strong>FR\u00c9QUENCE DES S\u00c9ANCES DE REIKI <\/strong><\/h3>\n\n\n\n<p>Le rythme et le nombre des s\u00e9ances est en fonction de vos besoins. <\/p>\n\n\n\n<p>\u00cates vous d\u00e9cid\u00e9 \u00e0 prendre un\nmoment cocooning pour vous ? <\/p>\n","protected":false},"excerpt":{"rendered":"<p>D\u00c9ROULEMENT D\u2019UNE S\u00c9ANCE DE REIKI Le soin commence par un \u00e9change afin de comprendre vos besoins. Ensuite tout en restant habill\u00e9 vous serez allong\u00e9 confortablement sur une table de massage, les yeux ferm\u00e9s avec une musique calme et relaxante. C\u2019est un soin qui se fait par une imposition des mains au-dessus ou parfois sur le [&hellip;]<\/p>\n","protected":false},"author":1,"featured_media":0,"parent":0,"menu_order":0,"comment_status":"closed","ping_status":"closed","template":"","meta":{"footnotes":""},"class_list":["post-250","page","type-page","status-publish","hentry"],"_links":{"self":[{"href":"https:\/\/mains-holistiques.com\/index.php\/wp-json\/wp\/v2\/pages\/250","targetHints":{"allow":["GET"]}}],"collection":[{"href":"https:\/\/mains-holistiques.com\/index.php\/wp-json\/wp\/v2\/pages"}],"about":[{"href":"https:\/\/mains-holistiques.com\/index.php\/wp-json\/wp\/v2\/types\/page"}],"author":[{"embeddable":true,"href":"https:\/\/mains-holistiques.com\/index.php\/wp-json\/wp\/v2\/users\/1"}],"replies":[{"embeddable":true,"href":"https:\/\/mains-holistiques.com\/index.php\/wp-json\/wp\/v2\/comments?post=250"}],"version-history":[{"count":9,"href":"https:\/\/mains-holistiques.com\/index.php\/wp-json\/wp\/v2\/pages\/250\/revisions"}],"predecessor-version":[{"id":783,"href":"https:\/\/mains-holistiques.com\/index.php\/wp-json\/wp\/v2\/pages\/250\/revisions\/783"}],"wp:attachment":[{"href":"https:\/\/mains-holistiques.com\/index.php\/wp-json\/wp\/v2\/media?parent=250"}],"curies":[{"name":"wp","href":"https:\/\/api.w.org\/{rel}","templated":true}]}}