{"id":597,"date":"2019-06-19T18:21:28","date_gmt":"2019-06-19T16:21:28","guid":{"rendered":"http:\/\/mains-holistiques.com\/?page_id=597"},"modified":"2019-06-22T20:07:18","modified_gmt":"2019-06-22T18:07:18","slug":"seance-de-bio-energie","status":"publish","type":"page","link":"https:\/\/mains-holistiques.com\/index.php\/seance-de-bio-energie\/","title":{"rendered":"S\u00e9ance de Bio-\u00e9nergie"},"content":{"rendered":"\n<h3 class=\"wp-block-heading\"><strong>LE D\u00c9ROULEMENT D\u2019UNE S\u00c9ANCE DE BIO-\u00c9NERGIE <\/strong><\/h3>\n\n\n\n<p>La s\u00e9ance commence apr\u00e8s avoir \u00e9cout\u00e9 et entendu \u00ab\u00a0<strong>les mots\u00a0\u00bb<\/strong> que vous poserez sur \u00ab\u00a0<strong>vos maux\u00a0\u00bb. <\/strong>Cela permettra de faire\nle point sur vos besoins. Lors de cette \u00e9change, il sera \u00e9galement aborder des\nsujets comme l&rsquo;alimentation, l&rsquo;hygi\u00e8ne de vie, l&rsquo;activit\u00e9 physique&#8230; <\/p>\n\n\n\n<div class=\"wp-block-image\"><figure class=\"aligncenter is-resized\"><img loading=\"lazy\" decoding=\"async\" src=\"http:\/\/mains-holistiques.com\/wp-content\/uploads\/2019\/06\/240_F_193603916_8DqmBL47Qm4AWcAjMmqPsuqJGx0L6zj4.jpg\" alt=\"\" class=\"wp-image-772\" width=\"360\" height=\"240\" srcset=\"https:\/\/mains-holistiques.com\/wp-content\/uploads\/2019\/06\/240_F_193603916_8DqmBL47Qm4AWcAjMmqPsuqJGx0L6zj4.jpg 360w, https:\/\/mains-holistiques.com\/wp-content\/uploads\/2019\/06\/240_F_193603916_8DqmBL47Qm4AWcAjMmqPsuqJGx0L6zj4-300x200.jpg 300w\" sizes=\"auto, (max-width: 360px) 100vw, 360px\" \/><\/figure><\/div>\n\n\n\n<p style=\"text-align:center\" class=\"has-text-color has-luminous-vivid-orange-color\"><em><strong>\u00ab\u00a0Que ton aliment soit ton m\u00e9dicament\u00a0\u00bb <\/strong><\/em><strong>   Hippocrate<\/strong><\/p>\n\n\n\n<p>Ensuite\n<strong>un bilan \u00e9nerg\u00e9tique<\/strong> sera \u00e9tabli suivi\nd\u2019un soin.<\/p>\n\n\n\n<p>Pour\n<strong>le bilan<\/strong> vous serez assis, tout en\nrestant habill\u00e9 et \u00e0 l\u2019aide de <strong>l\u2019Antenne\nde Lecher,<\/strong> il sera &nbsp;<strong>mesurer et analyser <\/strong>:<\/p>\n\n\n\n<ul class=\"wp-block-list\"><li>Les \u00e9ventuels d\u00e9s\u00e9quilibres des <strong>champs \u00e9nerg\u00e9tiques<\/strong> (thermique, magn\u00e9tique, \u00e9lectrique). <\/li><li> Les \u00e9ventuels blocages au niveau <strong>des chakras.<\/strong><\/li><li> La qualit\u00e9 vibratoire d\u2019une s\u00e9lection de <strong>produits naturels<\/strong> (Huiles Essentielles, Compl\u00e9ments Alimentaires,\u2026.) qui sont des <strong>r\u00e9gulateurs<\/strong> permettant de se <strong>d\u00e9barrasser des toxines, des d\u00e9chets <\/strong>et qui vont <strong>aider \u00e0 renforcer les fonctions immunitaires.<\/strong>  <\/li><li> Les \u00e9l\u00e9ments perturbateurs sur <strong>les m\u00e9ridiens<\/strong> et <strong>les points d\u2019acupuncture.<\/strong>  <\/li><\/ul>\n\n\n\n<p>Pour <strong>le soin<\/strong>,\nvous serez allong\u00e9 confortablement sur une table de massage en sous-v\u00eatement et\n\u00e0 l\u2019aide de l\u2019<strong>\u00c9l\u00e9tropuncteur<\/strong>, les\npoints d\u2019acupuncture<strong> seront stimul\u00e9s<\/strong>.\nCela agira sur la circulation \u00e9nerg\u00e9tique afin de r\u00e9tablir la circulation\nperturb\u00e9e dans les m\u00e9ridiens.<\/p>\n\n\n\n<p>Si\nl\u2019\u00e9nergie est <strong>insuffisante<\/strong>, elle\nsera <strong>tonifi\u00e9e<\/strong>, si elle est <strong>en exc\u00e8s ou bloqu\u00e9e<\/strong>, elle sera <strong>dispers\u00e9e<\/strong>.<\/p>\n\n\n\n<p><strong>L\u2019harmonisation\net le r\u00e9tablissement de<\/strong> la\ncirculation de l\u2019\u00e9nergie passera \u00e9galement par <strong>le traitement des causes profondes<\/strong> \u00e0 l\u2019aide des <strong>r\u00e9gulateurs <\/strong>d\u00e9tect\u00e9s lors du bilan dont\nvotre corps pourrait avoir besoin.<\/p>\n\n\n\n<p>En fin de\ns\u00e9ance on v\u00e9rifie de nouveau la sym\u00e9trie des champs avec L\u2019Antenne de L\u00e9cher.<\/p>\n\n\n\n<div class=\"wp-block-image\"><figure class=\"aligncenter\"><img loading=\"lazy\" decoding=\"async\" width=\"204\" height=\"240\" src=\"http:\/\/mains-holistiques.com\/wp-content\/uploads\/2019\/06\/240_F_66082340_iTrLbmIWknjueQ9PqzSfEL6FqE0ty97W.jpg\" alt=\"\" class=\"wp-image-768\"\/><\/figure><\/div>\n\n\n\n<p style=\"text-align:center\"><strong>La s\u00e9ance a\npour objectif de permettre au corps de reprendre le contr\u00f4le.<\/strong><\/p>\n\n\n\n<h3 class=\"wp-block-heading\"><strong>CONTRE-INDICATIONS \u00c1 LA BIO-<\/strong><strong>\u00c9NERGIE<\/strong><\/h3>\n\n\n\n<p>Tout le monde peut recevoir un soin Bio-\u00e9nerg\u00e9tique, du b\u00e9b\u00e9 \u00e0\nla personne \u00e2g\u00e9e, en passant par la femme enceinte, ou le sportif pour\noptimiser ses performances ou son endurance\u2026. <\/p>\n\n\n\n<p>Seule\ncontre-indication \u00e0 ce soin : la pr\u00e9sence d\u2019un pacemaker.<\/p>\n\n\n\n<h3 class=\"wp-block-heading\"><strong>FR\u00c9QUENCE DES S\u00c9ANCES DE BIO-\u00c9NERGIE <\/strong><\/h3>\n\n\n\n<p>En M\u00e9decine Traditionnelle Chinoise, il y a cinq saisons et \u00e0 chaque nouvelle saison, il sera trait\u00e9 des points diff\u00e9rents, il est donc pr\u00e9f\u00e9rable de faire au moins une s\u00e9ance par saison.<\/p>\n\n\n\n<div class=\"wp-block-image\"><figure class=\"aligncenter\"><img loading=\"lazy\" decoding=\"async\" width=\"240\" height=\"240\" src=\"http:\/\/mains-holistiques.com\/wp-content\/uploads\/2019\/06\/240_F_232970271_9Y2aG9Or6Ix8sBwEYrbbjrNkjUFARaVQ.jpg\" alt=\"\" class=\"wp-image-827\" srcset=\"https:\/\/mains-holistiques.com\/wp-content\/uploads\/2019\/06\/240_F_232970271_9Y2aG9Or6Ix8sBwEYrbbjrNkjUFARaVQ.jpg 240w, https:\/\/mains-holistiques.com\/wp-content\/uploads\/2019\/06\/240_F_232970271_9Y2aG9Or6Ix8sBwEYrbbjrNkjUFARaVQ-150x150.jpg 150w\" sizes=\"auto, (max-width: 240px) 100vw, 240px\" \/><\/figure><\/div>\n\n\n\n<p>\nLe rythme et le nombre des s\u00e9ances sera en fonction de vos besoins et de vos souhaits.\n\n<\/p>\n\n\n\n<p style=\"text-align:center\" class=\"has-text-color has-medium-font-size has-luminous-vivid-orange-color\"><strong>La Bio-\u00e9nergie comme toute pratique \u00e9nerg\u00e9tique, ne dispense  \npas ni de consulter un m\u00e9decin, ni de continuer un traitement en cours.<\/strong><\/p>\n","protected":false},"excerpt":{"rendered":"<p>LE D\u00c9ROULEMENT D\u2019UNE S\u00c9ANCE DE BIO-\u00c9NERGIE La s\u00e9ance commence apr\u00e8s avoir \u00e9cout\u00e9 et entendu \u00ab\u00a0les mots\u00a0\u00bb que vous poserez sur \u00ab\u00a0vos maux\u00a0\u00bb. Cela permettra de faire le point sur vos besoins. Lors de cette \u00e9change, il sera \u00e9galement aborder des sujets comme l&rsquo;alimentation, l&rsquo;hygi\u00e8ne de vie, l&rsquo;activit\u00e9 physique&#8230; \u00ab\u00a0Que ton aliment soit ton m\u00e9dicament\u00a0\u00bb Hippocrate [&hellip;]<\/p>\n","protected":false},"author":1,"featured_media":0,"parent":0,"menu_order":0,"comment_status":"closed","ping_status":"closed","template":"","meta":{"footnotes":""},"class_list":["post-597","page","type-page","status-publish","hentry"],"_links":{"self":[{"href":"https:\/\/mains-holistiques.com\/index.php\/wp-json\/wp\/v2\/pages\/597","targetHints":{"allow":["GET"]}}],"collection":[{"href":"https:\/\/mains-holistiques.com\/index.php\/wp-json\/wp\/v2\/pages"}],"about":[{"href":"https:\/\/mains-holistiques.com\/index.php\/wp-json\/wp\/v2\/types\/page"}],"author":[{"embeddable":true,"href":"https:\/\/mains-holistiques.com\/index.php\/wp-json\/wp\/v2\/users\/1"}],"replies":[{"embeddable":true,"href":"https:\/\/mains-holistiques.com\/index.php\/wp-json\/wp\/v2\/comments?post=597"}],"version-history":[{"count":16,"href":"https:\/\/mains-holistiques.com\/index.php\/wp-json\/wp\/v2\/pages\/597\/revisions"}],"predecessor-version":[{"id":854,"href":"https:\/\/mains-holistiques.com\/index.php\/wp-json\/wp\/v2\/pages\/597\/revisions\/854"}],"wp:attachment":[{"href":"https:\/\/mains-holistiques.com\/index.php\/wp-json\/wp\/v2\/media?parent=597"}],"curies":[{"name":"wp","href":"https:\/\/api.w.org\/{rel}","templated":true}]}}