{"id":83,"date":"2019-05-22T19:27:06","date_gmt":"2019-05-22T17:27:06","guid":{"rendered":"http:\/\/mains-holistiques.com\/?page_id=83"},"modified":"2020-10-06T11:06:13","modified_gmt":"2020-10-06T09:06:13","slug":"accueil-2","status":"publish","type":"page","link":"https:\/\/mains-holistiques.com\/","title":{"rendered":"MAINS HOLISTIQUES"},"content":{"rendered":"\n<p>Je m&rsquo;appelle St\u00e9phanie, je suis th\u00e9rapeute Bio-\u00e9nerg\u00e9ticienne en M\u00e9decine Traditionnelle Chinoise et pratique divers soins holistiques comme la Bio-\u00e9nergie, le Chi Nei Tsang, le Reiki, l&rsquo;Access Bar\u00ae, Pyramide de Cristal\u00a9 et Triangle d&rsquo;Or d&rsquo;Isis Sothis.<\/p>\n\n\n\n<div class=\"wp-block-image\"><figure class=\"aligncenter is-resized\"><img loading=\"lazy\" decoding=\"async\" src=\"http:\/\/mains-holistiques.com\/wp-content\/uploads\/2019\/09\/St\u00e9ph-Mains-Holistiques-2-1024x678.jpg\" alt=\"\" class=\"wp-image-925\" width=\"411\" height=\"271\" srcset=\"https:\/\/mains-holistiques.com\/wp-content\/uploads\/2019\/09\/St\u00e9ph-Mains-Holistiques-2-1024x678.jpg 1024w, https:\/\/mains-holistiques.com\/wp-content\/uploads\/2019\/09\/St\u00e9ph-Mains-Holistiques-2-300x199.jpg 300w, https:\/\/mains-holistiques.com\/wp-content\/uploads\/2019\/09\/St\u00e9ph-Mains-Holistiques-2-768x509.jpg 768w\" sizes=\"auto, (max-width: 411px) 100vw, 411px\" \/><\/figure><\/div>\n\n\n\n<p>Suite \u00e0 des soucis de sant\u00e9, qui se sont manifest\u00e9s par des troubles importants de l&rsquo;\u00e9quilibre avec une difficult\u00e9 \u00e0 la marche mais avec une tr\u00e8s forte volont\u00e9 de gu\u00e9rir, j&rsquo;ai \u00e9t\u00e9 amen\u00e9e \u00e0 consulter divers th\u00e9rapeutes holistiques qui par des techniques diff\u00e9rentes m&rsquo;ont aid\u00e9e \u00e0 redonner \u00e0 mon corps sa pleine autonomie et son autogestion.<\/p>\n\n\n\n<p>Cela\nm&rsquo;a conduit \u00e9galement \u00e0 m&rsquo;int\u00e9resser et \u00e0 me former \u00e0 ces outils pour devenir \u00e0\nmon tour th\u00e9rapeute Bio-\u00e9nerg\u00e9ticienne en MTC.<\/p>\n\n\n\n<div class=\"wp-block-image\"><figure class=\"aligncenter is-resized\"><img loading=\"lazy\" decoding=\"async\" src=\"http:\/\/mains-holistiques.com\/wp-content\/uploads\/2019\/05\/manja-vitolic-586192-unsplash-1024x622.jpg\" alt=\"\" class=\"wp-image-106\" width=\"423\" height=\"257\" srcset=\"https:\/\/mains-holistiques.com\/wp-content\/uploads\/2019\/05\/manja-vitolic-586192-unsplash-1024x622.jpg 1024w, https:\/\/mains-holistiques.com\/wp-content\/uploads\/2019\/05\/manja-vitolic-586192-unsplash-300x182.jpg 300w, https:\/\/mains-holistiques.com\/wp-content\/uploads\/2019\/05\/manja-vitolic-586192-unsplash-768x466.jpg 768w\" sizes=\"auto, (max-width: 423px) 100vw, 423px\" \/><\/figure><\/div>\n\n\n\n<h3 class=\"wp-block-heading\"><strong>QU&rsquo;EST-CE QUE DES SOINS HOLISTIQUES <\/strong><\/h3>\n\n\n\n<p>Le\nterme holistique vient du grec \u00ab\u00a0holos\u00a0\u00bb qui signifie \u00ab\u00a0le tout,\nl&rsquo;ensemble\u00a0\u00bb,&nbsp; th\u00e9rapeute\n\u00ab\u00a0therapein\u00a0\u00bb lui se traduit par \u00ab\u00a0soigner\u00a0\u00bb.<\/p>\n\n\n\n<p>La\nth\u00e9rapie holistique prend en compte l&rsquo;\u00eatre humain dans sa globalit\u00e9 aussi bien\nsur le plan physique, \u00e9motionnel, mental que spirituel.<\/p>\n\n\n\n<p>Chaque\npersonne est unique, avec ses propres histoires personnelles, professionnelles\net familiales. Ces th\u00e9rapies prennent en compte divers facteurs l&rsquo;\u00e2ge,\nl&rsquo;environnement, les relations, le m\u00e9tier, les douleurs, les craintes et les\npeurs de l&rsquo;individu.<\/p>\n\n\n\n<p>En \u00e9nerg\u00e9tique, le mal \u00eatre ou la maladie sont le r\u00e9sultat d&rsquo;un d\u00e9s\u00e9quilibre \u00e9nerg\u00e9tique qui ont pu \u00eatre caus\u00e9s suite \u00e0 des \u00e9motions refoul\u00e9es, \u00e0 des non-dit, \u00e0 des chocs, \u00e0 un non-\u00e9panouissement amoureux, personnel ou professionnel ainsi qu&rsquo;\u00e0 une d\u00e9connexion de son \u00eatre profond&#8230;&#8230;<\/p>\n\n\n\n<p>Ces diverses th\u00e9rapies vont \u00eatre utilis\u00e9es pour que la personne puisse se reconnecter \u00e0 elle-m\u00eame et mieux accueillir les exp\u00e9riences de la vie. Elles font prendre conscience du pourquoi afin de mieux accepter les choses et pouvoir les transformer. <\/p>\n\n\n\n<p class=\"has-text-align-center has-medium-font-size\"><strong>\u00ab\u00a0Rien ne se perd, rien ne se cr\u00e9e, tout se transforme\u00a0\u00bb<\/strong>  <\/p>\n\n\n\n<p class=\"has-text-align-center has-small-font-size\"><strong>Antoine Laurent de Lavoisier  <\/strong><\/p>\n\n\n\n<p>On prend rendez-vous avec un th\u00e9rapeute holistique\npour diverses raisons : des douleurs, une maladie, certains blocages dans notre\nvie (\u00e9preuve \u00e0 passer, deuil, changement de situation, difficult\u00e9 \u00e0 se\nr\u00e9aliser&#8230;.) mais aussi tout simplement par curiosit\u00e9.<\/p>\n\n\n\n<p>Il\nest important de savoir que dans tous ces cas de figure, seule la personne qui\nvient consulter d\u00e9cide de son mieux \u00eatre et de sa gu\u00e9rison, le th\u00e9rapeute quant\n\u00e0 lui, apporte les outils vari\u00e9s pouvant \u00eatre combin\u00e9s selon les besoins.<\/p>\n\n\n\n<p class=\"has-text-align-center has-luminous-vivid-orange-color has-text-color\" style=\"font-size:19px\"><strong>Toute pratique \u00e9nerg\u00e9tique, ne\ndispense pas, ni de consulter un m\u00e9decin, ni de continuer un traitement en\ncours.<\/strong><\/p>\n","protected":false},"excerpt":{"rendered":"<p>Je m&rsquo;appelle St\u00e9phanie, je suis th\u00e9rapeute Bio-\u00e9nerg\u00e9ticienne en M\u00e9decine Traditionnelle Chinoise et pratique divers soins holistiques comme la Bio-\u00e9nergie, le Chi Nei Tsang, le Reiki, l&rsquo;Access Bar\u00ae, Pyramide de Cristal\u00a9 et Triangle d&rsquo;Or d&rsquo;Isis Sothis. Suite \u00e0 des soucis de sant\u00e9, qui se sont manifest\u00e9s par des troubles importants de l&rsquo;\u00e9quilibre avec une difficult\u00e9 \u00e0 [&hellip;]<\/p>\n","protected":false},"author":1,"featured_media":0,"parent":0,"menu_order":0,"comment_status":"closed","ping_status":"closed","template":"","meta":{"footnotes":""},"class_list":["post-83","page","type-page","status-publish","hentry"],"_links":{"self":[{"href":"https:\/\/mains-holistiques.com\/index.php\/wp-json\/wp\/v2\/pages\/83","targetHints":{"allow":["GET"]}}],"collection":[{"href":"https:\/\/mains-holistiques.com\/index.php\/wp-json\/wp\/v2\/pages"}],"about":[{"href":"https:\/\/mains-holistiques.com\/index.php\/wp-json\/wp\/v2\/types\/page"}],"author":[{"embeddable":true,"href":"https:\/\/mains-holistiques.com\/index.php\/wp-json\/wp\/v2\/users\/1"}],"replies":[{"embeddable":true,"href":"https:\/\/mains-holistiques.com\/index.php\/wp-json\/wp\/v2\/comments?post=83"}],"version-history":[{"count":33,"href":"https:\/\/mains-holistiques.com\/index.php\/wp-json\/wp\/v2\/pages\/83\/revisions"}],"predecessor-version":[{"id":1515,"href":"https:\/\/mains-holistiques.com\/index.php\/wp-json\/wp\/v2\/pages\/83\/revisions\/1515"}],"wp:attachment":[{"href":"https:\/\/mains-holistiques.com\/index.php\/wp-json\/wp\/v2\/media?parent=83"}],"curies":[{"name":"wp","href":"https:\/\/api.w.org\/{rel}","templated":true}]}}